-1840 + 3592. Suppose -35488 + 4051 = -9*d. Let c = d - p. Is c composite?
False
Let m(p) = p**3 + p**2 + 10*p + 21. Let f be m(-3). Is (63348/f)/(36/(-162)) composite?
True
Let v(o) = 3*o + 22. Let w be v(3). Suppose -37*r + w*r + 498 = 0. Is r prime?
True
Let b(h) = 6*h + 80. Let z be b(-13). Suppose 5*i - z*l = -4*l + 67619, 0 = -4*i + l + 54090. Is i composite?
False
Let q(b) = b**3 - 10*b**2 + b + 360697. Is q(0) a prime number?
False
Let f = -83 + 89. Suppose 4*s = f*s + 3*d - 3120, 0 = -5*s + 2*d + 7800. Suppose 1954 = 14*a - s. Is a a composite number?
False
Let y be 79602/8 - ((-65)/20)/(-13). Let i = -4783 + y. Is i a composite number?
False
Let j(k) = 2612*k**2 + 19*k + 58. Is j(8) prime?
False
Let a(i) = 21*i**2 + 3*i - 10. Let f(w) = w**2 + 6*w - 14. Suppose 0 = -2*j + 10, -4*j = -u + 2*u - 13. Let v be f(u). Is a(v) a prime number?
False
Suppose 0*x = 2*x - 1416. Let b = 12076 + -10271. Let h = b - x. Is h prime?
True
Let r(u) be the first derivative of -43*u**7/420 + u**6/360 + u**5/60 - 5*u**3/3 - 20. Let j(f) be the third derivative of r(f). Is j(-1) a prime number?
False
Suppose -3*b - 5*d + 3*d = -9893, -b + 5*d = -3275. Let i = -1902 + b. Is i a prime number?
False
Suppose -t + 15 = 5*v, -8 - 6 = -4*t + 3*v. Suppose 2615 = -t*q - 9325. Let r = -369 - q. Is r prime?
False
Suppose -3273470 = -15*x + 937885. Is x prime?
False
Suppose 4*z - 16 = 0, -7*d - 32 = -5*d + 4*z. Let t(i) = 12*i**2 - 22*i - 79. Is t(d) prime?
False
Suppose -b + 24 = 17. Is (b/(-4))/((-24)/21408) prime?
False
Suppose 64*p - 454304 = 141766 + 3316442. Is p prime?
False
Suppose 0 = -9*d + 21 + 15. Suppose 0 = d*s + 5*i - 289, -2*i + 334 = 5*s - 23. Let r = 216 - s. Is r a prime number?
False
Let k = 615 - 358. Let d = k + 1112. Is d composite?
True
Let w = -902443 - -1332846. Is w prime?
False
Suppose 7*j - 2*p = 767119, -13190 = -j + p + 96397. Is j prime?
True
Let t(k) = -78*k + 119. Is t(-85) a composite number?
True
Let g be 13 + -21 - (-4041)/3. Suppose g + 349 = 4*y. Is y prime?
False
Let o(y) = 158*y**3 + 103*y**2 + 14*y + 73. Is o(14) a composite number?
False
Suppose 17*w + 7 = 3*b + 12*w, -3*w = -5*b + 17. Let f be 3/(-12) + (-4945)/(-4). Is (14/6)/(b/f) composite?
True
Suppose 0 = 343*b - 337*b - 20994. Is b a prime number?
True
Suppose -o + y + 6 + 10 = 0, y + 3 = 0. Let s(j) be the third derivative of -j**5/60 + 7*j**4/6 + 4*j**3/3 - 25*j**2 - 4*j. Is s(o) a composite number?
True
Suppose -4*p + 2*h - 149685 = -7*p, 0 = 4*h - 24. Is p a prime number?
True
Suppose p = -3*w - 1849, 2*w + 1261 = 7*p - 2*p. Let s(h) = -2*h**2 + 26*h + 1393. Let m be s(-20). Let q = m - w. Is q a composite number?
False
Suppose 91929 = 10*x - 68541. Suppose 0 = -22*h + 13*h + x. Is h a composite number?
False
Let t(k) = -2542*k**3 + 12*k**2 + 24*k - 31. Is t(-4) prime?
False
Let c be ((-116)/(-10))/(-2 - (-22)/10). Let d = 53 - c. Is (-1324)/d - (6/(-6))/5 a prime number?
False
Suppose -5*l = g - 83 - 15, 0 = -3*l - 4*g + 52. Let m(t) = 1 + 5 - l*t + t**2 + 5*t. Is m(16) a prime number?
False
Let p(z) = -2*z + 24. Let h(u) = 3*u - 24. Let v(q) = 3*h(q) + 4*p(q). Let l(m) = 95*m - 183. Let b be l(2). Is v(b) a composite number?
False
Let t = -291 + 294. Suppose 4*z + 3844 - 26087 = 5*c, t*c + 27794 = 5*z. Is z prime?
True
Let t = 1353 + 182. Suppose -3090 = -2*c - 2*w, 0*c + 4*w + t = c. Is c a prime number?
True
Let w = 2853895 + -1595489. Is w prime?
False
Let j(n) = 7*n**2 - n - 26. Let s be j(6). Let b = s - 9. Is b a prime number?
True
Let t(y) = 177*y**2 - 9*y - 29. Let r be t(-5). Suppose -4*x + 2673 = 3*v, r = 5*v - 0*x + 2*x. Is v a prime number?
True
Let c be (32/20 - 1) + (-69)/15. Let b = 13 + c. Suppose -b*l + 2*l = -12257. Is l a composite number?
True
Is (95 + -98)*(-1079146)/6 a composite number?
False
Suppose i - p + 22 = 0, -i + 6*i - p = -106. Let q be (i/6 - 1/(-2)) + -22. Let v = q + 276. Is v a composite number?
False
Let c = 90662 - -22237. Is c composite?
True
Let o be 92/(-6) + (10/(-6))/(-5). Let j(x) = -x**2 - 17*x - 27. Let h be j(o). Suppose 4*i - 8 = 0, 0*i - h*i - 43 = -p. Is p a prime number?
False
Suppose 7*v - 6 - 22 = 0. Suppose v*q = 12, -o - q - 3*q = -17. Suppose -o*m + 1954 = -3*m. Is m a prime number?
True
Let j(p) = -34*p**2 + 42 + 4*p**3 - 3*p + 0*p + 15 + 0*p - 50. Is j(16) prime?
True
Let r = 135289 + -87582. Is r a composite number?
True
Is (15/24*4)/(((-25)/(-306370))/5) prime?
False
Let v = 60 + -57. Suppose -9 = 3*z + v, 7924 = 4*d + 5*z. Let q = -731 + d. Is q prime?
False
Suppose 0 = -2*t - 3*m - 3 + 44, -5*t - 4*m + 92 = 0. Let n(z) = -5 - z**3 + t*z + 6*z**2 - 10*z**2 - 3*z**2 - z**2. Is n(-12) composite?
False
Let b be (7 - (21 - 6)) + 7792. Let x = b - 3075. Is x a composite number?
True
Let v = 3370 + -1031. Suppose 8*h - v = 3605. Is h a composite number?
False
Let r be (-7)/(-14) - 38*246/8. Let h = 3534 + r. Suppose -h = -7*i + 497. Is i a composite number?
False
Suppose 0 = -121*g - 78*g + 67*g + 352198308. Is g a composite number?
True
Let j(r) = 20*r**3 + 54*r**2 + 50*r - 11. Let t(b) = 7*b**3 + 19*b**2 + 16*b - 3. Let u(g) = -4*j(g) + 11*t(g). Let z = 7 + -16. Is u(z) composite?
False
Suppose 4*q + 9*q = -1425645. Is ((-1)/3)/(15/q) a composite number?
False
Suppose 3*z - 18647 = 5*m, -3*m - 24647 = -3*z - 6002. Suppose 3*t + 4*o = 3730, -z = -5*t - 7*o + 3*o. Suppose 0 = c - 553 - t. Is c a prime number?
False
Is 6 - 4/((-88)/5592202) a prime number?
True
Suppose 0 = 4*c - 5*w - 32, -4 = 3*w - 2*w. Suppose c = -3*z - 6. Let n = 10 - z. Is n prime?
True
Suppose -92*w + 14247273 = -21271075. Is w composite?
True
Let r(f) = f + 4. Let t be r(-4). Suppose -2*m - 4*c + 24 = -t*m, -4*m + 3*c = -4. Suppose -3*l - q + 0*q + 4196 = 0, 0 = m*l + 3*q - 5603. Is l composite?
True
Suppose -4*q + 2*q - 1152 = -5*k, 0 = k + q - 236. Let y(u) = -1 + 560*u + 1023*u + k*u. Is y(1) a prime number?
False
Suppose -r + 15 = -13. Let c = 17 + r. Suppose 2*a - c - 5 = 0. Is a a prime number?
False
Suppose 0 = 5*x + 4*r - 76, 22 = 5*r + 2. Suppose 5*t + 4067 = x*t. Is t a prime number?
False
Let b(k) = 157*k**2 - 55*k - 439. Is b(-27) a prime number?
True
Suppose -2*m = 2*o - 10860, 15*m + 3*o + 16302 = 18*m. Suppose -m = 15*c - 23*c. Is c composite?
True
Let q(x) = -15*x + 29. Let c(a) = 7*a - 14. Let h(v) = 7*c(v) + 3*q(v). Let i be h(4). Suppose i*w + 1172 = 9*w. Is w prime?
True
Is (-67791)/(-2) + (80/(-32) - -2) prime?
False
Let d be 2/1*(-2)/(2 - 4). Let x(y) = -y + 7. Let q be x(4). Suppose q*i - 797 = d*a, 5*i - 1088 = -2*a + 235. Is i a composite number?
True
Suppose -8*r = -4*r - 19644. Suppose 46*g - 43*g = r. Is g composite?
False
Suppose -4*l + 2*c - 191 = -11, -5*l = -4*c + 228. Let a = -38 - l. Is 2 + 741/9 + a/9 composite?
True
Let x be (21/18*3)/((-38)/(-20596)). Suppose -x = -4*f + 3211. Is f composite?
False
Suppose h + 2*x = 3*h, 5*h = 4*x + 5. Suppose -3*b - h = 1141. Is (-18)/(-30) + b/(-5) a composite number?
True
Let b = 126 + -123. Suppose -3*n + 4*i + 6256 = n, b*n = i + 4698. Is n composite?
False
Let z be (-24)/(-20)*(-60)/(-8). Suppose 4760 = -4*c + z*c. Suppose h = -4*t + 763, 0 = 5*t + 2*h + h - c. Is t a prime number?
True
Let a be (-4)/(-5) + 131860/50. Suppose -i - 8922 = -4*c, -4*c - 2*i - a + 11566 = 0. Is c a prime number?
False
Suppose -4*r + 2*j + 10543 = -7387, -4496 = -r + 5*j. Suppose 3*u + 11 = -1, 0 = n - 5*u - r. Is n composite?
True
Let d = 6997 + 170056. Is d a composite number?
True
Let x be (-15)/12 + (-6)/8. Let q be 9/(-36) - x/((-16)/5398). Let p = q - -1208. Is p prime?
False
Suppose 5*s = j + 1357041, 243*j - 239*j = 5*s - 1357059. Is s a prime number?
False
Let z(w) = -47044*w - 3322. Is z(-14) composite?
True
Suppose -6*w - 3*g - 1541 = -8*w, w = 5*g + 753. Is w prime?
False
Suppose 0 = -6*l - 18728 - 31828. Let x = -4519 - l. Is x a prime number?
True
Let r(i) = i**3 - 41*i**2 - 352*i - 19. Is r(73) a composite number?
True
Let o = 33 + -21. Let d(p) = -395*p**2 - 47*p + 240. Let l be d(7). Is (l/(-16))/(2 + (-21)/o) a composite number?
False
Let s be (-24)/(-28) + ((-4544)/56)/(-8). Let k(l) = l**3 - 2*l**2 + 2*l - 3. Let o be k(2). Suppose 5*x = y - s - 47, -o = x. Is y prime?
True
Suppose -31*m + 91 = -870. Suppose m*g = 22*g + 13653. Is g a prime number?
False
Su